{"id":273069,"date":"2020-09-19T04:40:11","date_gmt":"2020-09-19T04:40:11","guid":{"rendered":"http:\/\/www.alphatutorat.com\/?page_id=273069"},"modified":"2023-04-13T21:21:03","modified_gmt":"2023-04-13T21:21:03","slug":"contact","status":"publish","type":"page","link":"https:\/\/www.alphatutorat.com\/index.php\/language\/fr\/contact\/","title":{"rendered":"Nous joindre"},"content":{"rendered":"<p>[et_pb_section fb_built=&#8221;1&#8243; custom_padding_last_edited=&#8221;on|tablet&#8221; admin_label=&#8221;Services Header &#8211; Coco &#8211; Section Bg Image 1900&#215;508&#8243; module_class=&#8221;coco_services_header&#8221; _builder_version=&#8221;4.16&#8243; use_background_color_gradient=&#8221;on&#8221; background_color_gradient_stops=&#8221;rgba(0,0,0,0.65) 0%|rgba(0,0,0,0.65) 100%&#8221; background_color_gradient_overlays_image=&#8221;on&#8221; background_color_gradient_start=&#8221;rgba(0,0,0,0.65)&#8221; background_color_gradient_end=&#8221;rgba(0,0,0,0.65)&#8221; background_image=&#8221;https:\/\/www.alphatutorat.com\/wp-content\/uploads\/2020\/09\/centre.jpg&#8221; custom_padding=&#8221;150px||150px||true|&#8221; custom_padding_tablet=&#8221;60px||&#8221; custom_padding_phone=&#8221;&#8221; da_disable_devices=&#8221;off|off|off&#8221; global_colors_info=&#8221;{}&#8221; da_is_popup=&#8221;off&#8221; da_exit_intent=&#8221;off&#8221; da_has_close=&#8221;on&#8221; da_alt_close=&#8221;off&#8221; da_dark_close=&#8221;off&#8221; da_not_modal=&#8221;on&#8221; da_is_singular=&#8221;off&#8221; da_with_loader=&#8221;off&#8221; da_has_shadow=&#8221;on&#8221;][et_pb_row column_structure=&#8221;1_3,2_3&#8243; use_custom_gutter=&#8221;on&#8221; gutter_width=&#8221;2&#8243; _builder_version=&#8221;4.16&#8243; max_width=&#8221;1170px&#8221; custom_padding=&#8221;||64px|||&#8221; hover_enabled=&#8221;0&#8243; use_custom_width=&#8221;on&#8221; custom_width_px=&#8221;1170px&#8221; global_colors_info=&#8221;{}&#8221; sticky_enabled=&#8221;0&#8243;][et_pb_column type=&#8221;1_3&#8243; _builder_version=&#8221;4.16&#8243; custom_padding=&#8221;|||&#8221; custom_css_main_element=&#8221; margin-bottom: 0 !important;&#8221; global_colors_info=&#8221;{}&#8221; custom_padding__hover=&#8221;|||&#8221;][et_pb_text admin_label=&#8221;Display Call To Action &#8211; Coco &#8211; Headers&#8221; _builder_version=&#8221;4.20.0&#8243; text_font=&#8221;Poppins|300|||||||&#8221; text_text_color=&#8221;#DFB758&#8243; text_font_size=&#8221;43px&#8221; text_line_height=&#8221;120%&#8221; header_font=&#8221;|300|||||||&#8221; header_text_color=&#8221;#c89d3e&#8221; header_font_size=&#8221;50px&#8221; header_2_text_color=&#8221;#000000&#8243; hover_enabled=&#8221;0&#8243; text_font_size_tablet=&#8221;48px&#8221; text_font_size_phone=&#8221;30px&#8221; text_font_size_last_edited=&#8221;on|phone&#8221; global_colors_info=&#8221;{}&#8221; sticky_enabled=&#8221;0&#8243;]<\/p>\n<p>Nous joindre<\/p>\n<p>[\/et_pb_text][\/et_pb_column][et_pb_column type=&#8221;2_3&#8243; _builder_version=&#8221;4.16&#8243; custom_padding=&#8221;|||&#8221; custom_css_main_element=&#8221; margin-bottom: 0 !important;&#8221; global_colors_info=&#8221;{}&#8221; custom_padding__hover=&#8221;|||&#8221;][et_pb_text admin_label=&#8221;Display Call To Action &#8211; Coco &#8211; Text&#8221; _builder_version=&#8221;4.16&#8243; text_font=&#8221;|300|||||||&#8221; text_text_color=&#8221;#ffffff&#8221; header_3_font=&#8221;Poppins||||||||&#8221; header_3_font_size=&#8221;23px&#8221; max_width_tablet=&#8221;100%&#8221; max_width_phone=&#8221;&#8221; max_width_last_edited=&#8221;on|tablet&#8221; custom_padding=&#8221;|||&#8221; global_colors_info=&#8221;{}&#8221;]Si vous souhaitez inscrire votre enfant ou si vous avez des questions, n&#8217;h\u00e9sitez pas \u00e0 nous contacter. Nous sommes l\u00e0 pour vous aider.[\/et_pb_text][\/et_pb_column][\/et_pb_row][\/et_pb_section][et_pb_section fb_built=&#8221;1&#8243; custom_padding_last_edited=&#8221;on|tablet&#8221; admin_label=&#8221;Target Call To Action &#8211; Coco&#8221; module_class=&#8221;coco_target_call_to_action&#8221; _builder_version=&#8221;4.16&#8243; background_color=&#8221;#c89d3e&#8221; background_image=&#8221;https:\/\/www.alphatutorat.com\/wp-content\/uploads\/2020\/08\/fond-2.png&#8221; custom_padding=&#8221;80px||0px|&#8221; custom_padding_tablet=&#8221;40px|||&#8221; custom_padding_phone=&#8221;&#8221; da_disable_devices=&#8221;off|off|off&#8221; global_colors_info=&#8221;{}&#8221; da_is_popup=&#8221;off&#8221; da_exit_intent=&#8221;off&#8221; da_has_close=&#8221;on&#8221; da_alt_close=&#8221;off&#8221; da_dark_close=&#8221;off&#8221; da_not_modal=&#8221;on&#8221; da_is_singular=&#8221;off&#8221; da_with_loader=&#8221;off&#8221; da_has_shadow=&#8221;on&#8221;][et_pb_row column_structure=&#8221;2_5,3_5&#8243; use_custom_gutter=&#8221;on&#8221; gutter_width=&#8221;2&#8243; custom_padding_last_edited=&#8221;on|tablet&#8221; _builder_version=&#8221;4.16&#8243; max_width=&#8221;1170px&#8221; custom_padding_tablet=&#8221;15px|||&#8221; custom_padding_phone=&#8221;&#8221; use_custom_width=&#8221;on&#8221; custom_width_px=&#8221;1170px&#8221; global_colors_info=&#8221;{}&#8221;][et_pb_column type=&#8221;2_5&#8243; _builder_version=&#8221;4.16&#8243; custom_padding=&#8221;|||&#8221; custom_css_main_element=&#8221; margin-bottom: 0 !important;&#8221; global_colors_info=&#8221;{}&#8221; custom_padding__hover=&#8221;|||&#8221;][et_pb_blurb title=&#8221;Adresse&#8221; image=&#8221;https:\/\/www.alphatutorat.com\/wp-content\/uploads\/2020\/08\/047-location.png&#8221; icon_placement=&#8221;left&#8221; image_icon_width=&#8221;48px&#8221; _builder_version=&#8221;4.20.0&#8243; _module_preset=&#8221;default&#8221; header_font=&#8221;||||||||&#8221; header_text_color=&#8221;#000000&#8243; header_font_size=&#8221;19px&#8221; body_font=&#8221;|300|||||||&#8221; body_font_size=&#8221;16px&#8221; image_max_width=&#8221;48px&#8221; global_colors_info=&#8221;{}&#8221;]<\/p>\n<p><span style=\"color: #000000;\"><\/span><a href=\"https:\/\/goo.gl\/maps\/3a44m7XqPqnCKWAJ6\" target=\"_blank\" rel=\"noopener noreferrer\" style=\"font-size: 16px;\">3250 boul. Rome<\/a><a href=\"https:\/\/goo.gl\/maps\/3a44m7XqPqnCKWAJ6\" target=\"_blank\" rel=\"noopener noreferrer\" style=\"font-size: 16px;\">, suite 4<\/a><\/p>\n<p><span style=\"color: #000000;\"> <a href=\"https:\/\/goo.gl\/maps\/3a44m7XqPqnCKWAJ6\" target=\"_blank\" rel=\"noopener noreferrer\" style=\"color: #000000;\"> J4Y 1V9 Brossard, Quebec<\/a><\/span><\/p>\n<p>[\/et_pb_blurb][et_pb_divider color=&#8221;rgba(0,0,0,0.46)&#8221; divider_position=&#8221;center&#8221; _builder_version=&#8221;4.16&#8243; _module_preset=&#8221;default&#8221; global_colors_info=&#8221;{}&#8221;][\/et_pb_divider][et_pb_blurb title=&#8221;T\u00e9l\u00e9phone&#8221; image=&#8221;https:\/\/www.alphatutorat.com\/wp-content\/uploads\/2020\/08\/contact-us1.png&#8221; icon_placement=&#8221;left&#8221; image_icon_width=&#8221;48px&#8221; _builder_version=&#8221;4.16&#8243; _module_preset=&#8221;default&#8221; header_font=&#8221;||||||||&#8221; header_text_color=&#8221;#000000&#8243; header_font_size=&#8221;19px&#8221; body_font=&#8221;|300|||||||&#8221; body_text_color=&#8221;#000000&#8243; body_font_size=&#8221;16px&#8221; image_max_width=&#8221;48px&#8221; global_colors_info=&#8221;{}&#8221;]<\/p>\n<p><span style=\"color: #000000;\"><a href=\"tel:+14504455552\" style=\"color: #000000;\">450-445-5552<\/a><\/span><\/p>\n<p>[\/et_pb_blurb][et_pb_divider color=&#8221;rgba(0,0,0,0.46)&#8221; divider_position=&#8221;center&#8221; _builder_version=&#8221;4.16&#8243; _module_preset=&#8221;default&#8221; global_colors_info=&#8221;{}&#8221;][\/et_pb_divider][et_pb_blurb title=&#8221;Courriel&#8221; image=&#8221;https:\/\/www.alphatutorat.com\/wp-content\/uploads\/2020\/08\/030-email-3.png&#8221; icon_placement=&#8221;left&#8221; image_icon_width=&#8221;48px&#8221; _builder_version=&#8221;4.16&#8243; _module_preset=&#8221;default&#8221; header_font=&#8221;||||||||&#8221; header_text_color=&#8221;#000000&#8243; header_font_size=&#8221;19px&#8221; body_font=&#8221;|300|||||||&#8221; body_font_size=&#8221;16px&#8221; image_max_width=&#8221;48px&#8221; global_colors_info=&#8221;{}&#8221;]<\/p>\n<p><span style=\"color: #000000;\"><a href=\"mailto:info@alphatutorat.com\" style=\"color: #000000;\">info@alphatutorat.com<\/a><\/span><a href=\"mailto:info@alphatutorat.com\"><\/a><span style=\"color: #ffffff;\"><a href=\"mailto:info@alphatutorat.com\" style=\"color: #ffffff;\"><\/a><\/span><\/p>\n<p>[\/et_pb_blurb][et_pb_divider color=&#8221;rgba(0,0,0,0.46)&#8221; divider_position=&#8221;center&#8221; _builder_version=&#8221;4.16&#8243; _module_preset=&#8221;default&#8221; custom_padding=&#8221;||30px||false|false&#8221; global_colors_info=&#8221;{}&#8221;][\/et_pb_divider][et_pb_social_media_follow follow_button=&#8221;on&#8221; use_icon_font_size=&#8221;on&#8221; icon_font_size=&#8221;25px&#8221; admin_label=&#8221;Target Call To Action &#8211; Coco &#8211; Social Media Follow&#8221; _builder_version=&#8221;4.20.0&#8243; background_color=&#8221;RGBA(255,255,255,0)&#8221; custom_button=&#8221;on&#8221; button_text_color=&#8221;#FFFFFF&#8221; z_index=&#8221;0&#8243; custom_margin=&#8221;||-30px||false|false&#8221; custom_padding=&#8221;32px|5px|32px|5px&#8221; custom_padding_tablet=&#8221;46px|5px|46px|5px|true|&#8221; custom_padding_phone=&#8221;&#8221; custom_padding_last_edited=&#8221;on|tablet&#8221; custom_css_social_follow=&#8221; margin-bottom: 0 !important;&#8221; custom_css_social_icon=&#8221;margin:0 !important;||color: #2b2b33;&#8221; global_colors_info=&#8221;{}&#8221; icon_color__hover_enabled=&#8221;on|hover&#8221; icon_color__hover=&#8221;#c89d3e&#8221;][et_pb_social_media_follow_network social_network=&#8221;instagram&#8221; url=&#8221;https:\/\/www.instagram.com\/alpha.tutorat\/&#8221; _builder_version=&#8221;4.20.0&#8243; background_color=&#8221;#ea2c59&#8243; custom_button=&#8221;on&#8221; button_text_color=&#8221;#FFFFFF&#8221; global_colors_info=&#8221;{}&#8221; follow_button=&#8221;on&#8221; url_new_window=&#8221;on&#8221;]instagram[\/et_pb_social_media_follow_network][et_pb_social_media_follow_network social_network=&#8221;facebook&#8221; url=&#8221;https:\/\/www.facebook.com\/alphatutorat&#8221; _builder_version=&#8221;4.20.0&#8243; _module_preset=&#8221;default&#8221; background_color=&#8221;#3b5998&#8243; global_colors_info=&#8221;{}&#8221; follow_button=&#8221;on&#8221; url_new_window=&#8221;on&#8221;]facebook[\/et_pb_social_media_follow_network][\/et_pb_social_media_follow][\/et_pb_column][et_pb_column type=&#8221;3_5&#8243; _builder_version=&#8221;4.16&#8243; custom_padding=&#8221;|||&#8221; global_colors_info=&#8221;{}&#8221; custom_padding__hover=&#8221;|||&#8221;][et_pb_blurb title=&#8221;Heures&#8221; image=&#8221;https:\/\/www.alphatutorat.com\/wp-content\/uploads\/2020\/09\/036-calendar.png&#8221; icon_placement=&#8221;left&#8221; image_icon_width=&#8221;48px&#8221; _builder_version=&#8221;4.16&#8243; _module_preset=&#8221;default&#8221; header_font=&#8221;||||||||&#8221; header_text_color=&#8221;#000000&#8243; header_font_size=&#8221;19px&#8221; body_font=&#8221;|300|||||||&#8221; body_text_color=&#8221;#000000&#8243; body_font_size=&#8221;16px&#8221; image_max_width=&#8221;48px&#8221; global_colors_info=&#8221;{}&#8221;]<\/p>\n<p>lundi: 10h &#8211; 20h<br \/>mardi: 10h &#8211; 20h<br \/>mercredi: 10h &#8211; 20h<br \/>jeudi: 10h &#8211; 20h<br \/>vendredi: 10h &#8211; 19h<br \/>samedi: 10h &#8211; 14h<br \/>dimanche: 10h &#8211; 14h<\/p>\n<p>[\/et_pb_blurb][\/et_pb_column][\/et_pb_row][et_pb_row column_structure=&#8221;1_4,1_4,1_4,1_4&#8243; use_custom_gutter=&#8221;on&#8221; gutter_width=&#8221;2&#8243; custom_padding_last_edited=&#8221;on|tablet&#8221; _builder_version=&#8221;4.16&#8243; max_width=&#8221;1170px&#8221; custom_padding=&#8221;52px||0px|&#8221; custom_padding_tablet=&#8221;10px|||&#8221; custom_padding_phone=&#8221;&#8221; custom_css_main_element=&#8221; overflow: visible;||display:block !important;&#8221; use_custom_width=&#8221;on&#8221; custom_width_px=&#8221;1170px&#8221; global_colors_info=&#8221;{}&#8221;][et_pb_column type=&#8221;1_4&#8243; _builder_version=&#8221;4.16&#8243; custom_padding=&#8221;|||&#8221; global_colors_info=&#8221;{}&#8221; custom_padding__hover=&#8221;|||&#8221;][\/et_pb_column][et_pb_column type=&#8221;1_4&#8243; _builder_version=&#8221;4.16&#8243; custom_padding=&#8221;|||&#8221; global_colors_info=&#8221;{}&#8221; custom_padding__hover=&#8221;|||&#8221;][\/et_pb_column][et_pb_column type=&#8221;1_4&#8243; _builder_version=&#8221;4.16&#8243; custom_padding=&#8221;|||&#8221; global_colors_info=&#8221;{}&#8221; custom_padding__hover=&#8221;|||&#8221;][\/et_pb_column][et_pb_column type=&#8221;1_4&#8243; _builder_version=&#8221;4.16&#8243; custom_padding=&#8221;|||&#8221; custom_css_main_element=&#8221; float: right;&#8221; global_colors_info=&#8221;{}&#8221; custom_padding__hover=&#8221;|||&#8221;][\/et_pb_column][\/et_pb_row][\/et_pb_section][et_pb_section fb_built=&#8221;1&#8243; custom_padding_last_edited=&#8221;on|tablet&#8221; admin_label=&#8221;Idea Footer &#8211; Coco&#8221; module_class=&#8221;coco_idea_footer&#8221; _builder_version=&#8221;4.16&#8243; background_color=&#8221;#2b2b33&#8243; min_height=&#8221;224px&#8221; custom_padding=&#8221;76px||15px|||&#8221; custom_padding_tablet=&#8221;1px||15px|||&#8221; custom_padding_phone=&#8221;&#8221; da_disable_devices=&#8221;off|off|off&#8221; global_colors_info=&#8221;{}&#8221; da_is_popup=&#8221;off&#8221; da_exit_intent=&#8221;off&#8221; da_has_close=&#8221;on&#8221; da_alt_close=&#8221;off&#8221; da_dark_close=&#8221;off&#8221; da_not_modal=&#8221;on&#8221; da_is_singular=&#8221;off&#8221; da_with_loader=&#8221;off&#8221; da_has_shadow=&#8221;on&#8221;][\/et_pb_section]<\/p>\n","protected":false},"excerpt":{"rendered":"<p>Nous joindreSi vous souhaitez inscrire votre enfant ou si vous avez des questions, n&#8217;h\u00e9sitez pas \u00e0 nous contacter. Nous sommes l\u00e0 pour vous aider.3250 boul. Rome, suite 4 J4Y 1V9 Brossard, Quebec450-445-5552info@alphatutorat.comlundi: 10h &#8211; 20hmardi: 10h &#8211; 20hmercredi: 10h &#8211; 20hjeudi: 10h &#8211; 20hvendredi: 10h &#8211; 19hsamedi: 10h &#8211; 14hdimanche: 10h &#8211; 14h<\/p>\n","protected":false},"author":1,"featured_media":0,"parent":0,"menu_order":0,"comment_status":"closed","ping_status":"closed","template":"","meta":{"_et_pb_use_builder":"on","_et_pb_old_content":"","_et_gb_content_width":"","footnotes":""},"class_list":["post-273069","page","type-page","status-publish","hentry"],"yoast_head":"<!-- This site is optimized with the Yoast SEO plugin v27.4 - https:\/\/yoast.com\/product\/yoast-seo-wordpress\/ -->\n<title>Nous joindre - alpha tutorat<\/title>\n<meta name=\"robots\" content=\"index, follow, max-snippet:-1, max-image-preview:large, max-video-preview:-1\" \/>\n<link rel=\"canonical\" href=\"https:\/\/www.alphatutorat.com\/index.php\/language\/fr\/contact\/\" \/>\n<meta property=\"og:locale\" content=\"en_US\" \/>\n<meta property=\"og:type\" content=\"article\" \/>\n<meta property=\"og:title\" content=\"Nous joindre - alpha tutorat\" \/>\n<meta property=\"og:description\" content=\"Nous joindreSi vous souhaitez inscrire votre enfant ou si vous avez des questions, n&#039;h\u00e9sitez pas \u00e0 nous contacter. Nous sommes l\u00e0 pour vous aider.3250 boul. Rome, suite 4 J4Y 1V9 Brossard, Quebec450-445-5552info@alphatutorat.comlundi: 10h - 20hmardi: 10h - 20hmercredi: 10h - 20hjeudi: 10h - 20hvendredi: 10h - 19hsamedi: 10h - 14hdimanche: 10h - 14h\" \/>\n<meta property=\"og:url\" content=\"https:\/\/www.alphatutorat.com\/index.php\/language\/fr\/contact\/\" \/>\n<meta property=\"og:site_name\" content=\"alpha tutorat\" \/>\n<meta property=\"article:modified_time\" content=\"2023-04-13T21:21:03+00:00\" \/>\n<meta name=\"twitter:card\" content=\"summary_large_image\" \/>\n<meta name=\"twitter:label1\" content=\"Est. reading time\" \/>\n\t<meta name=\"twitter:data1\" content=\"6 minutes\" \/>\n<script type=\"application\/ld+json\" class=\"yoast-schema-graph\">{\"@context\":\"https:\\\/\\\/schema.org\",\"@graph\":[{\"@type\":\"WebPage\",\"@id\":\"https:\\\/\\\/www.alphatutorat.com\\\/index.php\\\/language\\\/fr\\\/contact\\\/\",\"url\":\"https:\\\/\\\/www.alphatutorat.com\\\/index.php\\\/language\\\/fr\\\/contact\\\/\",\"name\":\"Nous joindre - alpha tutorat\",\"isPartOf\":{\"@id\":\"https:\\\/\\\/www.alphatutorat.com\\\/#website\"},\"datePublished\":\"2020-09-19T04:40:11+00:00\",\"dateModified\":\"2023-04-13T21:21:03+00:00\",\"breadcrumb\":{\"@id\":\"https:\\\/\\\/www.alphatutorat.com\\\/index.php\\\/language\\\/fr\\\/contact\\\/#breadcrumb\"},\"inLanguage\":\"en-CA\",\"potentialAction\":[{\"@type\":\"ReadAction\",\"target\":[\"https:\\\/\\\/www.alphatutorat.com\\\/index.php\\\/language\\\/fr\\\/contact\\\/\"]}]},{\"@type\":\"BreadcrumbList\",\"@id\":\"https:\\\/\\\/www.alphatutorat.com\\\/index.php\\\/language\\\/fr\\\/contact\\\/#breadcrumb\",\"itemListElement\":[{\"@type\":\"ListItem\",\"position\":1,\"name\":\"Accueil\",\"item\":\"https:\\\/\\\/www.alphatutorat.com\\\/index.php\\\/language\\\/fr\\\/\"},{\"@type\":\"ListItem\",\"position\":2,\"name\":\"Nous joindre\"}]},{\"@type\":\"WebSite\",\"@id\":\"https:\\\/\\\/www.alphatutorat.com\\\/#website\",\"url\":\"https:\\\/\\\/www.alphatutorat.com\\\/\",\"name\":\"alpha tutorat\",\"description\":\"Un site utilisant WordPress\",\"potentialAction\":[{\"@type\":\"SearchAction\",\"target\":{\"@type\":\"EntryPoint\",\"urlTemplate\":\"https:\\\/\\\/www.alphatutorat.com\\\/?s={search_term_string}\"},\"query-input\":{\"@type\":\"PropertyValueSpecification\",\"valueRequired\":true,\"valueName\":\"search_term_string\"}}],\"inLanguage\":\"en-CA\"}]}<\/script>\n<!-- \/ Yoast SEO plugin. -->","yoast_head_json":{"title":"Nous joindre - alpha tutorat","robots":{"index":"index","follow":"follow","max-snippet":"max-snippet:-1","max-image-preview":"max-image-preview:large","max-video-preview":"max-video-preview:-1"},"canonical":"https:\/\/www.alphatutorat.com\/index.php\/language\/fr\/contact\/","og_locale":"en_US","og_type":"article","og_title":"Nous joindre - alpha tutorat","og_description":"Nous joindreSi vous souhaitez inscrire votre enfant ou si vous avez des questions, n'h\u00e9sitez pas \u00e0 nous contacter. Nous sommes l\u00e0 pour vous aider.3250 boul. Rome, suite 4 J4Y 1V9 Brossard, Quebec450-445-5552info@alphatutorat.comlundi: 10h - 20hmardi: 10h - 20hmercredi: 10h - 20hjeudi: 10h - 20hvendredi: 10h - 19hsamedi: 10h - 14hdimanche: 10h - 14h","og_url":"https:\/\/www.alphatutorat.com\/index.php\/language\/fr\/contact\/","og_site_name":"alpha tutorat","article_modified_time":"2023-04-13T21:21:03+00:00","twitter_card":"summary_large_image","twitter_misc":{"Est. reading time":"6 minutes"},"schema":{"@context":"https:\/\/schema.org","@graph":[{"@type":"WebPage","@id":"https:\/\/www.alphatutorat.com\/index.php\/language\/fr\/contact\/","url":"https:\/\/www.alphatutorat.com\/index.php\/language\/fr\/contact\/","name":"Nous joindre - alpha tutorat","isPartOf":{"@id":"https:\/\/www.alphatutorat.com\/#website"},"datePublished":"2020-09-19T04:40:11+00:00","dateModified":"2023-04-13T21:21:03+00:00","breadcrumb":{"@id":"https:\/\/www.alphatutorat.com\/index.php\/language\/fr\/contact\/#breadcrumb"},"inLanguage":"en-CA","potentialAction":[{"@type":"ReadAction","target":["https:\/\/www.alphatutorat.com\/index.php\/language\/fr\/contact\/"]}]},{"@type":"BreadcrumbList","@id":"https:\/\/www.alphatutorat.com\/index.php\/language\/fr\/contact\/#breadcrumb","itemListElement":[{"@type":"ListItem","position":1,"name":"Accueil","item":"https:\/\/www.alphatutorat.com\/index.php\/language\/fr\/"},{"@type":"ListItem","position":2,"name":"Nous joindre"}]},{"@type":"WebSite","@id":"https:\/\/www.alphatutorat.com\/#website","url":"https:\/\/www.alphatutorat.com\/","name":"alpha tutorat","description":"Un site utilisant WordPress","potentialAction":[{"@type":"SearchAction","target":{"@type":"EntryPoint","urlTemplate":"https:\/\/www.alphatutorat.com\/?s={search_term_string}"},"query-input":{"@type":"PropertyValueSpecification","valueRequired":true,"valueName":"search_term_string"}}],"inLanguage":"en-CA"}]}},"_links":{"self":[{"href":"https:\/\/www.alphatutorat.com\/index.php\/wp-json\/wp\/v2\/pages\/273069","targetHints":{"allow":["GET"]}}],"collection":[{"href":"https:\/\/www.alphatutorat.com\/index.php\/wp-json\/wp\/v2\/pages"}],"about":[{"href":"https:\/\/www.alphatutorat.com\/index.php\/wp-json\/wp\/v2\/types\/page"}],"author":[{"embeddable":true,"href":"https:\/\/www.alphatutorat.com\/index.php\/wp-json\/wp\/v2\/users\/1"}],"replies":[{"embeddable":true,"href":"https:\/\/www.alphatutorat.com\/index.php\/wp-json\/wp\/v2\/comments?post=273069"}],"version-history":[{"count":20,"href":"https:\/\/www.alphatutorat.com\/index.php\/wp-json\/wp\/v2\/pages\/273069\/revisions"}],"predecessor-version":[{"id":273488,"href":"https:\/\/www.alphatutorat.com\/index.php\/wp-json\/wp\/v2\/pages\/273069\/revisions\/273488"}],"wp:attachment":[{"href":"https:\/\/www.alphatutorat.com\/index.php\/wp-json\/wp\/v2\/media?parent=273069"}],"curies":[{"name":"wp","href":"https:\/\/api.w.org\/{rel}","templated":true}]}}